{"id":599,"date":"2017-07-31T13:04:51","date_gmt":"2017-07-31T13:04:51","guid":{"rendered":"http:\/\/futsalowcy.pl\/?page_id=599"},"modified":"2025-08-15T09:25:57","modified_gmt":"2025-08-15T09:25:57","slug":"ekstraklasa","status":"publish","type":"page","link":"http:\/\/futsalowcy.pl\/?page_id=599","title":{"rendered":"Ekstraklasa"},"content":{"rendered":"<ol>\n<li><a href=\"http:\/\/futsalowcy.pl\/wp-content\/uploads\/2022\/09\/ADAMONIS_JEWGIENIJ.png\"><span style=\"color: #000000;\">ADAMONIS Jewgienij &#8211; Pomorski ZPN<\/span><\/a><\/li>\n<li><a href=\"http:\/\/futsalowcy.pl\/wp-content\/uploads\/2023\/01\/CIPINSKI_D-removebg-preview.png\"><span style=\"color: #000000;\">CIPI\u0143SKI Dominik &#8211; \u0141\u00f3dzki ZPN<\/span><\/a><\/li>\n<li><a href=\"http:\/\/futsalowcy.pl\/wp-content\/uploads\/2022\/09\/GAWLE_JAN.png\"><span style=\"color: #000000;\">GAWLE Jan &#8211; Podkarpacki ZPN<\/span><\/a><\/li>\n<li><a href=\"http:\/\/futsalowcy.pl\/wp-content\/uploads\/2022\/09\/GRABOWSKI_DAMIAN.png\"><span style=\"color: #000000;\">GRABOWSKI Damian &#8211; Dolno\u015bl\u0105ski ZPN<\/span><\/a><\/li>\n<li><a href=\"http:\/\/futsalowcy.pl\/wp-content\/uploads\/2023\/08\/GRZEBOWSKI_KAMIL.png\"><span style=\"color: #000000;\">GRZ\u0118BOWSKI Kamil &#8211; Pomorski ZPN<\/span><\/a><\/li>\n<li><a href=\"http:\/\/futsalowcy.pl\/wp-content\/uploads\/2022\/09\/GWIAZDA_PAWEL.png\"><span style=\"color: #000000;\">GWIAZDA Pawe\u0142 &#8211; Mazowiecki ZPN<\/span><\/a><\/li>\n<li><a href=\"http:\/\/futsalowcy.pl\/wp-content\/uploads\/2022\/09\/KONDRAK_TOMASZ.png\"><span style=\"color: #000000;\">KONDRAK Tomasz &#8211; \u015awi\u0119tokrzyski ZPN<\/span><\/a><\/li>\n<li><a href=\"http:\/\/futsalowcy.pl\/wp-content\/uploads\/2022\/09\/KONIECZNY_DAWID.png\"><span style=\"color: #000000;\">KONIECZNY Dawid &#8211; \u015al\u0105ski ZPN<\/span><\/a><\/li>\n<li><span style=\"color: #000000;\"><a style=\"color: #000000;\" href=\"http:\/\/futsalowcy.pl\/wp-content\/uploads\/2020\/12\/LORKE-DOMINIK.png\">LORKE Dominik &#8211; \u015al\u0105ski ZPN<\/a><\/span><\/li>\n<li><a href=\"http:\/\/futsalowcy.pl\/wp-content\/uploads\/2022\/09\/MICHNIEWICZ_SZYMON.png\"><span style=\"color: #000000;\">MICHNIEWICZ Szymon &#8211; \u0141\u00f3dzki ZPN<\/span><\/a><\/li>\n<li><a href=\"http:\/\/futsalowcy.pl\/wp-content\/uploads\/2022\/09\/MISTA_MARCIN.png\"><span style=\"color: #000000;\">MI\u015aTA Marcin &#8211; \u015al\u0105ski ZPN<\/span><\/a><\/li>\n<li><a href=\"http:\/\/futsalowcy.pl\/wp-content\/uploads\/2022\/09\/MITAL_ARTUR.png\"><span style=\"color: #000000;\">MITAL Artur &#8211; Mazowiecki ZPN<\/span><\/a><\/li>\n<li><span style=\"color: #000000;\">OLEJNICZAK Adrian &#8211; Wielkopolski ZPN<\/span><\/li>\n<li><a href=\"http:\/\/futsalowcy.pl\/wp-content\/uploads\/2022\/09\/PRZYTULA_SZYMON.png\"><span style=\"color: #000000;\">PRZYTU\u0141A Szymon \u2013 \u0141\u00f3dzki ZPN<\/span><\/a><\/li>\n<li><a href=\"http:\/\/futsalowcy.pl\/wp-content\/uploads\/2022\/09\/STECZKO_SLAWOMIR.png\"><span style=\"color: #000000;\">STECZKO S\u0142awomir &#8211; Ma\u0142opolski ZPN<\/span><\/a><\/li>\n<li><a href=\"http:\/\/futsalowcy.pl\/wp-content\/uploads\/2022\/09\/SZCZOLKO_KAMIL.png\"><span style=\"color: #000000;\">SZCZO\u0141KO Kamil &#8211; Lubelski ZPN<\/span><\/a><\/li>\n<li><a href=\"http:\/\/futsalowcy.pl\/wp-content\/uploads\/2022\/10\/SZCZOLKO_LUKASZ.png\"><span style=\"color: #000000;\">SZCZO\u0141KO \u0141ukasz &#8211; Lubelski ZPN<\/span><\/a><\/li>\n<li><a href=\"http:\/\/futsalowcy.pl\/wp-content\/uploads\/2022\/10\/SZYMCZYK_LUKASZ.png\"><span style=\"color: #000000;\">SZYMCZYK \u0141ukasz &#8211; Ma\u0142opolski ZPN<\/span><\/a><\/li>\n<li><a href=\"http:\/\/futsalowcy.pl\/wp-content\/uploads\/2023\/01\/TOKAR-removebg-preview.png\"><span style=\"color: #000000;\">TOKAREWICZ Pawe\u0142 &#8211; Podlaski ZPN<\/span><\/a><\/li>\n<li><a href=\"http:\/\/futsalowcy.pl\/wp-content\/uploads\/2023\/08\/WIERCIOCH_GRZEGORZ.png\"><span style=\"color: #000000;\">WIERCIOCH Grzegorz &#8211; \u015al\u0105ski ZPN<\/span><\/a><\/li>\n<li><a href=\"http:\/\/futsalowcy.pl\/wp-content\/uploads\/2022\/09\/ZURAWSKI_MICHAL.png\"><span style=\"color: #000000;\">\u017bURAWSKI Micha\u0142 &#8211; Pomorski ZPN<\/span><\/a><\/li>\n<\/ol>\n","protected":false},"excerpt":{"rendered":"<p>ADAMONIS Jewgienij &#8211; Pomorski ZPN CIPI\u0143SKI Dominik &#8211; \u0141\u00f3dzki ZPN GAWLE Jan &#8211; Podkarpacki ZPN GRABOWSKI Damian &#8211; Dolno\u015bl\u0105ski ZPN GRZ\u0118BOWSKI Kamil &#8211; Pomorski ZPN GWIAZDA Pawe\u0142 &#8211; Mazowiecki ZPN KONDRAK Tomasz &#8211; \u015awi\u0119tokrzyski ZPN KONIECZNY Dawid &#8211; \u015al\u0105ski ZPN LORKE Dominik &#8211; \u015al\u0105ski ZPN MICHNIEWICZ Szymon &#8211; \u0141\u00f3dzki ZPN MI\u015aTA Marcin &#8211; \u015al\u0105ski ZPN [&hellip;]<\/p>\n","protected":false},"author":2,"featured_media":0,"parent":0,"menu_order":1,"comment_status":"closed","ping_status":"closed","template":"","meta":[],"_links":{"self":[{"href":"http:\/\/futsalowcy.pl\/index.php?rest_route=\/wp\/v2\/pages\/599"}],"collection":[{"href":"http:\/\/futsalowcy.pl\/index.php?rest_route=\/wp\/v2\/pages"}],"about":[{"href":"http:\/\/futsalowcy.pl\/index.php?rest_route=\/wp\/v2\/types\/page"}],"author":[{"embeddable":true,"href":"http:\/\/futsalowcy.pl\/index.php?rest_route=\/wp\/v2\/users\/2"}],"replies":[{"embeddable":true,"href":"http:\/\/futsalowcy.pl\/index.php?rest_route=%2Fwp%2Fv2%2Fcomments&post=599"}],"version-history":[{"count":64,"href":"http:\/\/futsalowcy.pl\/index.php?rest_route=\/wp\/v2\/pages\/599\/revisions"}],"predecessor-version":[{"id":5876,"href":"http:\/\/futsalowcy.pl\/index.php?rest_route=\/wp\/v2\/pages\/599\/revisions\/5876"}],"wp:attachment":[{"href":"http:\/\/futsalowcy.pl\/index.php?rest_route=%2Fwp%2Fv2%2Fmedia&parent=599"}],"curies":[{"name":"wp","href":"https:\/\/api.w.org\/{rel}","templated":true}]}}